7, 193, 9721
List the prime factors of 36584661.
3, 59, 139, 1487
What are the prime factors of 44188972?
2, 11047243
What are the prime factors of 4841155843?
4841155843
List the prime factors of 1226581580.
2, 5, 7, 8761297
List the prime factors of 3870951696.
2, 3, 41, 655649
What are the prime factors of 4989958?
2, 2494979
What are the prime factors of 53958597?
3, 7, 11, 109, 2143
What are the prime factors of 6671066368?
2, 1997, 13049
What are the prime factors of 3523153?
3523153
What are the prime factors of 3834252?
2, 3, 73, 1459
List the prime factors of 18607821.
3, 19, 29, 11257
What are the prime factors of 53206854?
2, 3, 587, 15107
What are the prime factors of 1810591779?
3, 431, 1400303
List the prime factors of 2088733728.
2, 3, 21757643
List the prime factors of 6163236398.
2, 11, 25467919
List the prime factors of 98389895.
5, 29, 467, 1453
What are the prime factors of 1265805899?
349, 3626951
List the prime factors of 279826983.
3, 353, 88079
List the prime factors of 2210696896.
2, 71, 486509
List the prime factors of 388516943.
23, 41, 412001
List the prime factors of 116425591.
1423, 81817
List the prime factors of 231802749.
3, 8585287
List the prime factors of 110937994.
2, 1747, 31751
List the prime factors of 340281989.
83, 1861, 2203
What are the prime factors of 51492641?
19, 37, 89, 823
List the prime factors of 201421472.
2, 7, 29, 101, 307
List the prime factors of 650637797.
137, 281, 16901
What are the prime factors of 59281263?
3, 373, 17659
List the prime factors of 2167205789.
7, 829, 373463
List the prime factors of 1046369507.
47, 181, 123001
What are the prime factors of 4394315?
5, 878863
What are the prime factors of 2488299058?
2, 7, 177735647
List the prime factors of 26338035.
3, 5, 67, 73, 359
List the prime factors of 2278071327.
3, 7, 108479587
List the prime factors of 414076780.
2, 5, 13, 449, 3547
What are the prime factors of 89303077?
89303077
List the prime factors of 5045233216.
2, 463, 170263
What are the prime factors of 1033611554?
2, 43, 12018739
List the prime factors of 54610414.
2, 113, 241639
What are the prime factors of 3947425502?
2, 347, 383, 14851
What are the prime factors of 5223517895?
5, 1044703579
What are the prime factors of 49241530?
2, 5, 13, 29137
What are the prime factors of 4081227772?
2, 1020306943
What are the prime factors of 1877016798?
2, 3, 23, 263, 17239
What are the prime factors of 153823155?
3, 5, 613, 16729
List the prime factors of 24545139.
3, 47, 174079
List the prime factors of 2304615452.
2, 576153863
What are the prime factors of 37291097?
701, 53197
List the prime factors of 7334880.
2, 3, 5, 7, 37, 59
What are the prime factors of 1899908976?
2, 3, 7, 197, 28703
What are the prime factors of 45005617?
61, 737797
List the prime factors of 1769249494.
2, 107, 8267521
What are the prime factors of 5342344?
2, 7, 19, 5021
List the prime factors of 318351092.
2, 6389, 12457
What are the prime factors of 588241053?
3, 65360117
What are the prime factors of 819543473?
7, 19, 880283
List the prime factors of 2789182998.
2, 3, 7, 23, 15277
List the prime factors of 75543694.
2, 3541, 10667
What are the prime factors of 131807144?
2, 7, 2353699
List the prime factors of 374856779.
11, 2251, 15139
List the prime factors of 791323589.
7, 227, 71143
List the prime factors of 2651504172.
2, 3, 241, 916841
What are the prime factors of 143290939?
11, 13026449
List the prime factors of 1364463534.
2, 3, 7, 32487227
List the prime factors of 198974557.
198974557
What are the prime factors of 1873002684?
2, 3, 7, 22297651
List the prime factors of 1593988525.
5, 63759541
What are the prime factors of 23113317?
3, 43, 179173
List the prime factors of 1275509350.
2, 5, 25510187
List the prime factors of 50798293.
7, 13, 558223
List the prime factors of 946430737.
7, 523, 36931
List the prime factors of 2042047316.
2, 37, 13797617
List the prime factors of 88187741.
88187741
List the prime factors of 1463643590.
2, 5, 139, 1052981
List the prime factors of 2418186151.
2418186151
List the prime factors of 860335296.
2, 3, 241, 18593
List the prime factors of 188510388.
2, 3, 11, 1428109
What are the prime factors of 155072401?
11, 3163, 4457
List the prime factors of 48381277.
7, 19, 157, 331
What are the prime factors of 25519563?
3, 67, 14107
List the prime factors of 2357367.
3, 569, 1381
List the prime factors of 351201109.
7, 1051, 47737
List the prime factors of 6497724813.
3, 41, 52827031
What are the prime factors of 772313944?
2, 17, 5678779
What are the prime factors of 3907098656?
2, 122096833
What are the prime factors of 60282888?
2, 3, 173, 14519
List the prime factors of 6173338829.
7, 881905547
List the prime factors of 173426875.
5, 277483
What are the prime factors of 20814781?
13, 1601137
What are the prime factors of 2082567917?
139, 14982503
What are the prime factors of 26684269?
26684269
What are the prime factors of 1033222033?
19, 31, 71, 797
List the prime factors of 1013317326.
2, 3, 7, 8042201
What are the prime factors of 2427094587?
3, 37, 127, 172171
What are the prime factors of 2649698425?
5, 11, 9635267
List the prime factors of 58773663.
3, 13, 502339
What are the prime factors of 6573045?
3, 5, 438203
List the prime factors of 99645573.
3, 33215191
List the prime factors of 214114550.
2, 5, 13, 25339
List the prime factors of 6877703.
7, 239, 4111
List the prime factors of 195803998.
2, 13, 29, 31, 8377
What are the prime factors of 3049623510?
2, 3, 5, 101654117
List the prime factors of 2645490876.
2, 3, 7, 199, 158261
What are the prime factors of 311900905?
5, 113, 263, 2099
List the prime factors of 246219546.
2, 3, 31, 61, 21701
What are the prime factors of 156273034?
2, 557, 140281
What are the prime factors of 45525400?
2, 5, 227627
List the prime factors of 61205337.
3, 71, 95783
What are the prime factors of 57397463?
53, 1082971
List the prime factors of 295650278.
2, 7, 11, 223, 8609
What are the prime factors of 152436638?
2, 83, 157, 5849
What are the prime factors of 4733706041?
43, 110086187
What are the prime factors of 4950997127?
4950997127
What are the prime factors of 12582068?
2, 103, 30539
What are the prime factors of 264711027?
3, 7, 12605287
What are the prime factors of 157722927?
3, 52574309
List the prime factors of 2987090436.
2, 3, 11, 31, 593, 1231
List the prime factors of 136605567.
3, 7, 6505027
What are the prime factors of 1001819874?
2, 3, 11, 15179089
List the prime factors of 179208321.
3, 47, 1270981
What are the prime factors of 1826713769?
1826713769
What are the prime factors of 1011738788?
2, 179, 1413043
List the prime factors of 137446098.
2, 3, 2357, 9719
List the prime factors of 5338004763.
3, 7, 13, 37, 53, 59
What are the prime factors of 382277521?
17, 22486913
List the prime factors of 264652982.
2, 11, 349, 34469
List the prime factors of 68448590.
2, 5, 7, 163, 857
List the prime factors of 715680810.
2, 3, 5, 13, 611693
List the prime factors of 65391030.
2, 3, 5, 127, 1907
What are the prime factors of 248226572?
2, 11, 73, 109, 709
List the prime factors of 53295837.
3, 7, 2537897
List the prime factors of 1149433209.
3, 127714801
List the prime factors of 265577488.
2, 11, 53, 71, 401
What are the prime factors of 253777571?
107, 229, 10357
List the prime factors of 3241934823.
3, 1367, 790523
What are the prime factors of 48226584?
2, 3, 7, 23, 1783
List the prime factors of 219629511.
3, 17, 271, 5297
What are the prime factors of 459736466?
2, 7, 23, 1427753
List the prime factors of 4940702138.
2, 4027, 613447
List the prime factors of 68762227.
3491, 19697
What are the prime factors of 105680130?
2, 3, 5, 3522671
What are the prime factors of 1079507455?
5, 13, 29, 572683
What are the prime factors of 516637084?
2, 129159271
What are the prime factors of 10636440?
2, 3, 5, 151, 587
What are the prime factors of 46028867?
46028867
List the prime factors of 473022267.
3, 131, 1203619
What are the prime factors of 2161963518?
2, 3, 11, 13, 641, 3931
List the prime factors of 2154341842.
2, 1077170921
List the prime factors of 465789050.
2, 5, 9315781
List the prime factors of 1815571669.
839, 2163971
What are the prime factors of 35140671?
3, 19, 89, 2309
Lis